t is the tens digit of (-1)/(-4)*(-12)/(-2)*m?
2
Let v = 5 - 3. Let p be (9 + (0 - v))/1. Let m(z) = 15*z - 15. What is the units digit of m(p)?
0
Let k(f) = 3*f**2 - 7*f + 25. Let i be k(-16). Let o = 2203 - i. What is the thousands digit of o?
1
Suppose -2*m + 8 = u, 2*m = -2*m - 4. Suppose -12*q + 7*q = -u. What is the tens digit of 1 + -4 + q + (29 - -2)?
3
Suppose j = -w - 4*w + 44, -4*j + 132 = -2*w. Suppose 4*a - 145 - 11 = 0. Suppose -n - j = -a. What is the units digit of n?
5
Suppose -4*y - 121751 - 196489 = -69*y. What is the units digit of y?
6
Let b be (-21)/(-5) + ((-48)/20)/(-3). Suppose -5*q - 50 = b*o, 2*q + 4*o - o = -16. What is the hundreds digit of -3 - 33*q/3?
1
Let b(m) = -14*m**2 - 6*m + 19. Let k(u) = -3*u - 34. Let d be k(-9). Let q be b(d). Let c = -443 - q. What is the hundreds digit of c?
1
Suppose -4*k - 2*n - 966 = -0*k, -4*n = -5*k - 1240. Let l = 412 + k. Suppose -7*z = -189 - l. What is the units digit of z?
1
Let r = -18 - -6. What is the hundreds digit of -1*1624/r*3?
4
Let p(g) = -525*g - 1695. What is the hundreds digit of p(-91)?
0
Let f(v) = v**2 - 9*v + 4. Let n be f(6). Let i(j) = -143*j**2 + 87*j + 27 - 49*j + 142*j**2 + 4 - 54*j. What is the units digit of i(n)?
9
Let y(n) = -12*n - 31. Let j be y(-3). Let m(a) = -a**3 - 10*a**2 + 2*a + 18. Let b be m(-10). What is the units digit of 1048/(-20)*j/b?
1
Let i(m) = -m**2 - 20*m + 4. Let j be i(-22). Let b = 60 + j. Suppose 3*c - 212 = -b. What is the units digit of c?
4
Let k(g) be the third derivative of -49*g**6/120 - g**5/12 - 5*g**4/12 - 23*g**3/6 - 3*g**2 - 28*g. What is the thousands digit of k(-3)?
1
Let b be ((-2592)/128)/((-11)/8 - -1). Let j = -54 + b. Suppose 9*q - 54 - 1053 = j. What is the tens digit of q?
2
Suppose 3*y - 5*l = 55051, -32*l = -2*y - 31*l + 36689. What is the hundreds digit of y?
3
Let m(f) = -24*f**2 - 3*f - 2. Let z be m(-1). Let v = z - -27. What is the tens digit of 12/(-8)*-2*v?
1
Let o be 2 - -3 - (13 - 595). Let n = o - 415. What is the hundreds digit of n?
1
Let s = 2809 - 2798. Let p = 299 + -95. Suppose p + 170 = s*l. What is the tens digit of l?
3
Suppose 73*h = 10578 - 3935. What is the tens digit of h?
9
Suppose -10*q + 4 + 26 = 0. Suppose 3*x + 4 = 22. Suppose -4*m + 43 = -q*k - 21, -2*m - 5*k = -x. What is the units digit of m?
3
Suppose 2*a - 22882 = 5*g, 4*a + 3*g + 31298 - 77010 = 0. What is the ten thousands digit of a?
1
Let a be (-20)/(-3) + (-10)/30*-1. What is the tens digit of (874 + 10 - a) + (-1 - -4)?
8
Let v = -64 + 57. Let o be (-10)/20*(v - 1). Let l = o + 47. What is the units digit of l?
1
Suppose 0 = -3*n - 230 + 56. Let a = 77 + n. Let u = a + -1. What is the tens digit of u?
1
Let m(b) = -10*b - 74. Let p be m(-9). Suppose -24*j = -p*j - 10320. What is the thousands digit of j?
1
Let u be -12*((-4)/6 - 3/(-9)). Suppose u*s + 6 = 14. Suppose -4*m = s*m - 30. What is the units digit of m?
5
Let q(l) = l**3 - 35*l**2 + 75*l + 37. Suppose -4*x + 4*c + 140 = 0, 0*x + 3*x = -5*c + 89. What is the units digit of q(x)?
4
What is the ten thousands digit of 24/112 - (-31533645)/770?
4
Let d(v) = v + 20. Let y be d(4). Let t(q) = q - 24. Let x be t(y). Suppose -4*j - 4*o + 492 = x, 5*o - 258 = -j - j. What is the units digit of j?
9
Suppose -4*d - 1900 = -15*r + 17*r, -5*r = -4*d - 1914. Let w = d + 1043. What is the units digit of w?
7
Let j = -141 - -54. Suppose -4*l + 3*l + 5 = -2*z, -2*z = 2*l + 2. What is the units digit of l + -4 + (-3 - j)?
1
Suppose -4*u = u + 35. Let i = u + 16. Suppose i*t - 888 = t. What is the hundreds digit of t?
1
Suppose -731500 = 186*y - 281*y. What is the hundreds digit of y?
7
Let v = -78 + 75. Let f = v + 9. Suppose -89 = -f*j + 37. What is the tens digit of j?
2
Suppose 564*p + 149929 = 567*p - 5*o, 5*o - 5 = 0. What is the hundreds digit of p?
9
Suppose -628 = 4*y - 0*y. Suppose 6*o - 3*o - 373 = 4*c, 4*c - 2*o = -370. Let m = c - y. What is the units digit of m?
6
Suppose 0*f + 4*f + 4*r + 1276 = 0, 4*f = 5*r - 1276. Let y = f - -334. What is the tens digit of y?
1
Let r(u) = -u**3 - u**2 + 1. Let q(j) be the first derivative of -j**4 - 4*j**3/3 + 7*j**2/2 - 10. Let z(h) = q(h) - 3*r(h). What is the units digit of z(-4)?
7
Let j(z) = 9*z + 14 + 2*z**3 + 9*z**2 + 2*z**3 - 5*z**3 + 0*z**3. Let v be j(10). Suppose -186 = -v*x + 38. What is the units digit of x?
6
What is the hundreds digit of -39 - 29890/(-770) - (-1)/((-11)/(-194878))?
7
Let w = 12489 - 8629. Suppose 84*k + w = 88*k. What is the tens digit of k?
6
Let v be 28/(-21) + (-20)/(-6). Let b(z) = -v*z + 12*z + 24*z - 8. What is the tens digit of b(2)?
6
Suppose 91 = 35*i - 49. Suppose 0 = -4*d + 8, -j + i*d = -4 - 34. What is the units digit of j?
6
Suppose 29*i = 71*i - 7739 - 203227. What is the thousands digit of i?
5
Let q = 7 - 3. Suppose 0 = -25*a + 6482 + 6843. Suppose z = -g - q*z + 121, -a = -5*g - z. What is the units digit of g?
6
Suppose 0 = f - s + 5*s + 889, 0 = -5*s - 5. Let w = -397 - f. What is the hundreds digit of w?
4
Suppose -2*k + 19 = 3*t, t + 0*t = 3. Suppose 5 = k*c - 15. Suppose -c*y + 7*y = 162. What is the units digit of y?
4
Suppose -5*t = -2*z + 10092, z - 5053 = -3*t + 2*t. What is the units digit of z?
1
Let t = 164 + -159. Suppose 2*w - 719 = t*x, 5*w + 3*x = 2*x + 1838. What is the units digit of w?
7
Suppose -7*x - 5080 = -15*x. Let m = x + -109. Suppose f = b + 168, -5*f + m = 2*b - 342. What is the units digit of f?
2
Suppose 370*k - 360*k = 3870. What is the units digit of k?
7
Let j = 6611 + -5117. What is the thousands digit of j?
1
Suppose 3*t + 8*v - 12*v = 89777, -4*t - 5*v = -119682. What is the thousands digit of t?
9
Suppose 24 = l - 41. Suppose 3*u + l = 2*s, -4*s + 2*s + u + 59 = 0. Suppose 27*m - s*m + 139 = 0. What is the tens digit of m?
3
Let z = -168259 + 236822. What is the units digit of z?
3
Let t(q) = 248*q**2 + 1. Let y be -2 + 1 - -1 - (0 - 1). Let m be t(y). Suppose -2*b = b - m. What is the units digit of b?
3
Suppose -40*c + 16 = -36*c. Suppose -4*l + 14 = 2*i, -3*i = -4*l - c + 33. Suppose -d + 462 = l*d. What is the tens digit of d?
7
Suppose 6*t - 1883 = 3517. Let r = t + -529. What is the hundreds digit of r?
3
Suppose 2*q + 22 = 118. Let y = -1565 - -1613. Suppose q = 2*l - y. What is the units digit of l?
8
Suppose 5*r + 20 = -5*p, 3*p + 0 + 2 = 2*r. Let k(g) = -42*g + 6. Let u be k(p). Let j = u + -53. What is the units digit of j?
7
Let q(z) = 498*z**2 - 4*z - 9. What is the hundreds digit of q(4)?
9
Let x(k) = 6119*k**2 - 4*k + 2. What is the thousands digit of x(1)?
6
Let k(m) = 6*m**2 - 9*m - 94. Let n be k(-8). Let c = 620 - n. What is the units digit of c?
8
Let h be 1*(-2)/1 - (-4 + -1). Suppose -h*z - 4*b + 332 + 1944 = 0, 3*z - 2*b = 2282. What is the hundreds digit of z?
7
What is the units digit of (-14)/28*3/6 - 52388/(-16)?
4
Let d(r) = 6*r**2 - 5*r + 4. Let y = -63 + 65. Suppose 2*a = 5*q - 7, 3*a - y*q - 6 = -0*a. What is the units digit of d(a)?
0
Let y(w) = -2666*w - 1254. What is the ten thousands digit of y(-11)?
2
Suppose -28995443 = -408*a + 2073757. What is the units digit of a?
0
Suppose 6*h + 193 - 4999 = 0. Suppose -4*y + 23 - 7 = 0. Suppose 0*x + 3*b = -y*x + h, 0 = -x + 5*b + 183. What is the hundreds digit of x?
1
Suppose 34 - 42 = -8*j. What is the hundreds digit of 1/((-2924)/(-2920) - j)?
7
Let y(c) = -c + 6. Let n be y(-10). Suppose 0 = 11*a - n*a - 5. What is the units digit of 10*(a + (-52)/(-10))?
2
Let h(n) = n**3 - 33*n**2 - 4*n + 140. Let m be h(33). Suppose s + m*k = 4*k + 535, 5*s - 2595 = -4*k. What is the hundreds digit of s?
5
Let d(p) = -6786*p - 586. What is the ten thousands digit of d(-3)?
1
Let z(d) = 2*d**3 + 4*d**2 + 3*d + 6396. What is the thousands digit of z(0)?
6
Let k(l) = 2*l**3 + 20*l**2 - 9*l. Suppose 2*u = -5*h + 19, 2*u = 8*h - 3*h - 11. Let b be (h/2)/((-42)/280). What is the tens digit of k(b)?
9
Let k(b) = -2*b - 46. Let f(y) = -y - 22. Let o(t) = 5*f(t) - 3*k(t). Let q = -33 + 39. What is the tens digit of o(q)?
3
Let o = 30 - 0. Suppose 4636 = -19*a + 57*a. Let l = a + o. What is the hundreds digit of l?
1
Suppose -35*x + 295065 + 198670 = 12*x. What is the thousands digit of x?
0
Let p(u) be the second derivative of -11*u**3/2 - 5*u**2/2 + 66*u. What is the tens digit